w**2 + 6*w - 38. What is j(10)?
122
Let o(r) = -35*r + 2427. What is o(68)?
47
Let n(a) = -a**3 - 4*a**2 + 61*a + 15. Calculate n(6).
21
Let k(i) = -277*i + 5830. Give k(21).
13
Let b(g) = -5*g**2 - 756*g + 1383. Calculate b(-153).
6
Let j(z) = z**3 + 20*z**2 - 181*z - 2038. What is j(-24)?
2
Let r(l) = -3230*l + 32291. Calculate r(10).
-9
Let k(w) = -87*w - 3830. What is k(-44)?
-2
Let m(q) = q**3 - 2*q**2 - 69*q + 281. Give m(5).
11
Let h(l) = -l**2 + l + 150. Determine h(-12).
-6
Let p(d) = d**3 - 27*d**2 + 55*d - 12. Determine p(2).
-2
Let i(c) = -31*c - 37. Determine i(-4).
87
Let y(k) = -13*k - 871. Determine y(-65).
-26
Let h(v) = -2*v**3 - 38*v**2 + 45*v + 36. Give h(-20).
-64
Let t(v) = 31*v + 34. Give t(3).
127
Let p(z) = -2*z**2 - 294*z - 7668. Determine p(-113).
16
Let h(v) = 175*v**2 - 44*v + 43. What is h(1)?
174
Let t(l) = -1491*l - 269876. Determine t(-181).
-5
Let g(k) = -26*k**3 + 259*k**2 + 25*k - 164. Determine g(10).
-14
Let d(h) = h**3 + 212*h**2 - 412*h + 3428. Give d(-214).
4
Let k(r) = 8*r**2 + 92*r - 1580. Give k(-21).
16
Let b(o) = o**3 - 3*o**2 - 2*o - 11. Determine b(-6).
-323
Let u(f) = -192*f + 5674. Give u(30).
-86
Let x(d) = -29*d - 18. Calculate x(2).
-76
Let p(h) = -5*h**2 + 19*h + 29. What is p(-4)?
-127
Let l(q) = -1837*q + 23884. Calculate l(13).
3
Let l(s) = 59*s - 1679. Give l(32).
209
Let s(b) = -b**2 - 45*b - 481. What is s(-16)?
-17
Let r(p) = 254*p - 12956. Give r(51).
-2
Let c(l) = -l**2 - 88*l - 1917. Determine c(-50).
-17
Let r(k) = -140*k - 712. Give r(-5).
-12
Let x(y) = -y**3 + 21*y**2 + 70*y - 412. Determine x(23).
140
Let z(f) = -226*f + 1016. What is z(5)?
-114
Let p(q) = q**3 - 31*q**2 - 34*q + 47. Calculate p(32).
-17
Let h(g) = -120*g - 387. What is h(-4)?
93
Let p(y) = -4*y - 17. Determine p(-27).
91
Let f(h) = 55*h - 201. Calculate f(8).
239
Let o(r) = r**2 + 15*r - 12. What is o(-24)?
204
Let g(k) = k**3 + 53*k**2 + 620*k + 193. Determine g(-36).
-95
Let y(c) = -3*c**2 - 119*c + 375. What is y(3)?
-9
Let a(w) = -11*w**2 + 35*w + 73. Determine a(-2).
-41
Let f(m) = -m**2 - 30*m + 2686. Give f(-69).
-5
Let v(t) = 3*t**3 + 2*t**2 - 37*t - 84. Calculate v(-2).
-26
Let d(y) = -y**2 + 44*y - 144. What is d(39)?
51
Let u(z) = -36*z - 91. Determine u(-3).
17
Let k(c) = 107*c**3 - 6*c - 4. Give k(-1).
-105
Let g(f) = -65*f**3 - f**2 - 9*f - 9. Calculate g(-1).
64
Let y(s) = -11*s - 98. Calculate y(-10).
12
Let x(j) = j**2 + 12*j - 165. Calculate x(-23).
88
Let x(q) = 73*q + 701. Determine x(-12).
-175
Let i(j) = 24*j + 631. Determine i(-26).
7
Let l(p) = -4*p**2 + 8*p - 4. Calculate l(4).
-36
Let t(s) = -39*s - 751. Calculate t(-19).
-10
Let k(f) = 3*f**2 - 27*f - 11. Determine k(-8).
397
Let q(s) = 1192*s + 11926. Calculate q(-10).
6
Let y(q) = -2*q**2 - 179*q - 594. What is y(-87)?
-159
Let j(s) = -208*s + 213. Determine j(1).
5
Let g(m) = m**2 + 164*m + 1107. Determine g(-157).
8
Let v(n) = -n**3 - 7*n**2 + 44*n + 129. Calculate v(-8).
-159
Let u(k) = -k**3 + 16*k**2 - 4*k - 112. What is u(15)?
53
Let k(z) = -9*z**3 + 117*z**2 - 37*z + 477. Calculate k(13).
-4
Let g(v) = 6*v**2 + 3*v - 64. Calculate g(-5).
71
Let v(r) = -8*r**2 - 171*r + 67. What is v(-21)?
130
Let g(p) = -762*p + 1533. Calculate g(2).
9
Let o(x) = 2*x**3 + 18*x**2 - 130*x - 1111. Give o(-7).
-5
Let m(t) = -t**3 - t**2 - 24*t - 5. Calculate m(0).
-5
Let s(l) = -l**2 - 66*l + 8120. Give s(63).
-7
Let h(z) = -34*z**2 + 414*z - 65. Give h(12).
7
Let d(t) = 6*t**2 + 2*t - 58. What is d(6)?
170
Let h(d) = 11*d**2 + 86*d + 108. Calculate h(-7).
45
Let n(p) = 54*p - 205. Give n(5).
65
Let z(r) = 94*r + 49. Give z(-4).
-327
Let b(d) = 68*d + 1089. What is b(-13)?
205
Let g(y) = 10*y**2 + 333*y - 1350. Give g(4).
142
Let a(y) = 2*y**3 + 94*y**2 + 97*y + 205. Calculate a(-46).
-25
Let k(c) = -c**2 - 44*c - 556. What is k(-25)?
-81
Let f(u) = -u**2 + 17*u + 355. What is f(-12)?
7
Let y(c) = -c**2 - 17*c + 30. Calculate y(-21).
-54
Let j(m) = -m**2 + 92*m - 445. Determine j(87).
-10
Let c(m) = -4*m**3 - 98*m**2 + 35*m - 385. Calculate c(-25).
-10
Let k(b) = -b**2 + 24*b - 8. Give k(8).
120
Let h(z) = -2*z**2 - 119*z + 557. Give h(-64).
-19
Let n(z) = 14*z**2 + 121*z + 3. Calculate n(-11).
366
Let w(y) = -9902*y - 257450. Give w(-26).
2
Let x(a) = -a**2 + 55*a + 433. Calculate x(-7).
-1
Let l(r) = 6*r**2 - 10*r - 10. Give l(3).
14
Let n(f) = f**2 - 43*f - 294. What is n(-6)?
0
Let f(v) = v**3 - 25*v**2 - 192*v + 4804. Give f(25).
4
Let m(r) = r**3 + 2*r**2 - 203*r + 2. What is m(0)?
2
Let c(b) = 14*b**2 - 795*b - 171. Calculate c(57).
0
Let y(k) = -k**3 + 3*k**2 + 156*k + 20. What is y(-11)?
-2
Let m(l) = 71*l**2 + 2267*l - 156. Give m(-32).
4
Let p(h) = -128*h + 3455. What is p(27)?
-1
Let c(f) = 2*f**3 + 80*f**2 - 81*f + 69. Determine c(-41).
28
Let r(g) = -6*g + 12. Give r(1).
6
Let b(l) = -244*l - 2166. Determine b(-7).
-458
Let n(j) = -2*j**2 - 44*j + 1124. Determine n(15).
14
Let j(d) = -5*d**2 + 92*d - 274. Give j(3).
-43
Let x(j) = -93*j - 1115. Give x(-13).
94
Let o(k) = 138*k + 2003. Calculate o(-15).
-67
Let t(a) = -747*a + 36606. Determine t(49).
3
Let j(q) = 4*q**2 - 117*q + 193. Calculate j(26).
-145
Let t(q) = -4*q**2 + 53*q + 29. Calculate t(16).
-147
Let i(w) = 3*w**3 - 21*w**2. Determine i(5).
-150
Let t(q) = -42*q + 516. What is t(14)?
-72
Let k(m) = -m**3 - 74*m**2 - 94*m - 1554. Determine k(-73).
-21
Let i(n) = -n**3 + 12*n**2 - 38*n + 8. Give i(5).
-7
Let w(o) = -337*o + 2551. Calculate w(8).
-145
Let x(t) = t**3 + 14*t**2 + 30*t - 40. Determine x(-10).
60
Let h(k) = -k**2 - k + 211. What is h(-15)?
1
Let q(i) = -6*i**2 + 22*i - 37. Give q(2).
-17
Let y(k) = 29*k**2 + 87*k + 4. Calculate y(-3).
4
Let q(v) = -v**3 - v**2 + 63*v + 59. What is q(-8)?
3
Let y(k) = -47*k + 41. Calculate y(6).
-241
Let q(y) = 3*y**2 - 62*y - 321. Calculate q(25).
4
Let d(f) = -f**2 - 65*f - 744. Calculate d(-51).
-30
Let r(t) = 13*t**2 - 33*t + 56. Give r(5).
216
Let p(r) = -21*r**2 + 526*r - 25. Calculate p(25).
0
Let f(v) = -403*v - 414. Determine f(-1).
-11
Let z(j) = 636*j**3 + 7*j**2 - 6*j. Calculate z(1).
637
Let m(v) = -3*v**2 + 542*v + 2408. Give m(185).
3
Let f(v) = -v**2 + 38*v - 236. Determine f(8).
4
Let i(c) = 833*c - 2498. What is i(3)?
1
Let y(z) = -8161*z + 32643. What is y(4)?
-1
Let k(f) = 18*f - 76. Calculate k(11).
122
Let w(s) = s**3 - 14*s**2 + 2763*s - 38686. Give w(14).
-4
Let t(o) = o**2 + 119*o + 1244. Determine t(-12).
-40
Let f(h) = h**3 - 12*h**2 - 54*h - 30. What is f(-3)?
-3
Let h(i) = -i**3 - 28*i**2 - 52*i + 32. What is h(-26)?
32
Let o(k) = -130*k - 3138. Give o(-24).
-18
Let h(o) = 178*o + 2174. Give h(-12).
38
Let q(o) = -o**3 - 30*o**2 - 42*o - 350. Give q(-29).
27
Let p(c) = 3*c**2 - 34*c + 16. Give p(0).
16
Let g(d) = 51*d - 419. Give g(9).
40
Let q(x) = 7*x**3 + 245*x**2 + 12. Give q(-35).
12
Let f(p) = 961*p - 10520. Give f(11).
51
Let h(l) = 369*l + 1118. Calculate h(-3).
11
Let k(r) = 3*r**2 - 94*r - 86. Give k(32).
-22
Let a(s) = -369*s - 3683. Give a(-10).
7
Let s(u) = -3*u**3 + 202*u**2 - 73*u + 371. Calculate s(67).
-31
Let i(a) = -2*a**2 - 206*a - 1001. What is i(-98)?
-21
Let l(c) = -51*c**3 + 5*c**2 - 5*c + 1. Determine l(1).
-50
Let d(u) = -2*u**3 + 15*u**2 + 37*u + 110. Calculate d(10).
-20
Let o(k) = -9*k - 152. Determine o(-26).
82
Let d(m) = -718*m**3 - 11*m**2 - 14*m - 4. Determine d(-1).
717
Let s(f) = f**2 + 18*f + 3. What is s(-14)?
-53
Let c(v) = -297*v - 2925. Give c(-10).
45
Let z(d) = 17*d**2 - 30*d - 72. Calculate z(3).
-9
Let r(n) = 638*n - 12122. What is r(19)?
0
Let m(f) = -f**2 - 49*f - 574. Give m(-28).
14
Let d(k) = -38*k + 290. Give d(5).
100
Let k(a) = -2*a**2 - 32*a - 168. Give k(-9).
-42
Let y(c) = -14*c**2 + 299*c - 101. What is y(21)?
4
Let s(o) = -1289*o - 68314. What is s(-53)?
3
Let w(a) = a**3 + 9*a**2 - 63*a - 20. Calculate w(-14).
-118
Let o(z) = 79*z + 44. What is o(6)?
518
Let r(o) = o**3 + 35*o**2 - 75*o + 12. Determine r(-37).
49
Let b(p) = 122*p**2 - 1942*p - 147. Give b(16).
13
Let z(n) = -50*n + 9297. What is z(186)?
-3
Let l(h) = -2*h**2 + 3*h + 126. Determine l(9).
-9
Let d(j) = j**3 + 91*j**2 - 5*j - 486. Give d(-91).
-31
Let w(j) = -22*j - 225. Calculate w(-20).
215
Let a(y) = -y**3 - 8*y**2 - 5*y - 47. Determine a(-10).
203
Let t(n) = 167*n*